{"id":6,"date":"2017-06-15T08:14:36","date_gmt":"2017-06-15T08:14:36","guid":{"rendered":"http:\/\/praxis-weissenstein.ch\/wordpress\/?page_id=6"},"modified":"2023-05-05T15:21:47","modified_gmt":"2023-05-05T15:21:47","slug":"kontakt-offnungszeiten","status":"publish","type":"page","link":"https:\/\/praxis-weissenstein.ch\/wordpress\/","title":{"rendered":"Kontakt \/ \u00d6ffnungszeiten"},"content":{"rendered":"<p><img decoding=\"async\" loading=\"lazy\" class=\"wp-image-177 size-large alignnone\" src=\"http:\/\/praxis-weissenstein.ch\/wordpress\/wp-content\/uploads\/2019\/06\/Praxis-klein-1024x768.jpg\" alt=\"\" width=\"525\" height=\"394\" srcset=\"https:\/\/praxis-weissenstein.ch\/wordpress\/wp-content\/uploads\/2019\/06\/Praxis-klein-1024x768.jpg 1024w, https:\/\/praxis-weissenstein.ch\/wordpress\/wp-content\/uploads\/2019\/06\/Praxis-klein-300x225.jpg 300w, https:\/\/praxis-weissenstein.ch\/wordpress\/wp-content\/uploads\/2019\/06\/Praxis-klein-768x576.jpg 768w, https:\/\/praxis-weissenstein.ch\/wordpress\/wp-content\/uploads\/2019\/06\/Praxis-klein.jpg 1632w\" sizes=\"(max-width: 525px) 100vw, 525px\" \/><\/p>\n<p>Hausarztpraxis Weissenstein<br \/>\nSchulhausstrasse 2<br \/>\n4513 Langendorf<\/p>\n<p><strong>Telefon: 032 622 75 22<\/strong>\u00a0 bedient Mo &#8211; Fr 07:30 &#8211; 12.00, 14:00 &#8211; 17:00<\/p>\n<p><strong>Email: <a href=\"mailto:praxis.weissenstein@hin.ch\">praxis.weissenstein@hin.ch<\/a><\/strong><br \/>\nMedikamentenbestellungen k\u00f6nnen gerne per Email get\u00e4tigt werden.<\/p>\n<p>\u00d6ffnungszeiten:<br \/>\nMo &#8211; Do 7:30 &#8211; 12:00,\u00a0 14:00 &#8211; 18:00<br \/>\nFr\u00a07:30 &#8211; 12:00,\u00a0 14:00 &#8211; 17:00<br \/>\nSprechstunde nach Vereinbarung<\/p>\n<p style=\"text-align: left;\">Telefon f\u00fcr <em>dringende Notf\u00e4lle<\/em> und als Direktnummer f\u00fcr medizinisches Fachpersonal w\u00e4hrend den \u00d6ffnungszeiten: <strong>032 622 75 23<\/strong><\/p>\n","protected":false},"excerpt":{"rendered":"<p>Hausarztpraxis Weissenstein Schulhausstrasse 2 4513 Langendorf Telefon: 032 622 75 22\u00a0 bedient Mo &#8211; Fr 07:30 &#8211; 12.00, 14:00 &#8211; 17:00 Email: praxis.weissenstein@hin.ch Medikamentenbestellungen k\u00f6nnen gerne per Email get\u00e4tigt werden. \u00d6ffnungszeiten: Mo &#8211; Do 7:30 &#8211; 12:00,\u00a0 14:00 &#8211; 18:00 Fr\u00a07:30 &#8211; 12:00,\u00a0 14:00 &#8211; 17:00 Sprechstunde nach Vereinbarung Telefon f\u00fcr dringende Notf\u00e4lle und als &hellip; <\/p>\n<p class=\"link-more\"><a href=\"https:\/\/praxis-weissenstein.ch\/wordpress\/\" class=\"more-link\">Continue reading<span class=\"screen-reader-text\"> &#8220;Kontakt \/ \u00d6ffnungszeiten&#8221;<\/span><\/a><\/p>\n","protected":false},"author":1,"featured_media":0,"parent":0,"menu_order":0,"comment_status":"closed","ping_status":"closed","template":"","meta":[],"_links":{"self":[{"href":"https:\/\/praxis-weissenstein.ch\/wordpress\/index.php?rest_route=\/wp\/v2\/pages\/6"}],"collection":[{"href":"https:\/\/praxis-weissenstein.ch\/wordpress\/index.php?rest_route=\/wp\/v2\/pages"}],"about":[{"href":"https:\/\/praxis-weissenstein.ch\/wordpress\/index.php?rest_route=\/wp\/v2\/types\/page"}],"author":[{"embeddable":true,"href":"https:\/\/praxis-weissenstein.ch\/wordpress\/index.php?rest_route=\/wp\/v2\/users\/1"}],"replies":[{"embeddable":true,"href":"https:\/\/praxis-weissenstein.ch\/wordpress\/index.php?rest_route=%2Fwp%2Fv2%2Fcomments&post=6"}],"version-history":[{"count":26,"href":"https:\/\/praxis-weissenstein.ch\/wordpress\/index.php?rest_route=\/wp\/v2\/pages\/6\/revisions"}],"predecessor-version":[{"id":439,"href":"https:\/\/praxis-weissenstein.ch\/wordpress\/index.php?rest_route=\/wp\/v2\/pages\/6\/revisions\/439"}],"wp:attachment":[{"href":"https:\/\/praxis-weissenstein.ch\/wordpress\/index.php?rest_route=%2Fwp%2Fv2%2Fmedia&parent=6"}],"curies":[{"name":"wp","href":"https:\/\/api.w.org\/{rel}","templated":true}]}}